ided by 48.
41
What is the remainder when 21308/91 + ((-12)/(-39))/(-2) is divided by 4?
2
Let x(l) = 6*l - 3. Let u(a) = -a**2 + 12*a + 2. Calculate the remainder when u(8) is divided by x(2).
7
Let s be (4 + -1 - -179)/1. Suppose -3*t + 45 = -0*t. What is the remainder when s/6 + (-5)/t is divided by 8?
6
Suppose 114*r - 26646 = -8748. What is the remainder when r is divided by 146?
11
Let f = -4 + -5. Let m(r) = -r**3 - 10*r**2 - 11*r + 10. What is the remainder when m(f) is divided by 15?
13
Suppose 1015*c - 168 = 1011*c. Calculate the remainder when 171 is divided by c.
3
Suppose 10*r + 124 = 4*s + 12*r, 0 = 5*s + 5*r - 155. Let m = -1 - -10. Calculate the remainder when s is divided by m.
4
Suppose -7*r = 8*r - 825. What is the remainder when r is divided by 14?
13
Suppose 0 = -3*g + g + 558. Let k(x) = -11*x - 78. Let h be k(-8). Calculate the remainder when 23 is divided by g/21 - h/35.
10
Let z(d) = d**3 - 10*d**2 + 9*d + 5. Let a be z(9). Suppose 96 = -a*h + 8*h. What is the remainder when 125 is divided by h?
29
Suppose -3 = -r - 0*r. Suppose -r*a + 30 = -0*a. Let j = 9 + 20. What is the remainder when j is divided by a?
9
Let i be (-38)/(-3) - 3/(-9). Suppose i = -a + 50. Suppose 5*n - y - a = y, -n + 3*y = -10. What is the remainder when 12 is divided by n?
5
Suppose 8*y - 13*y + 400 = 0. Suppose -5*s + y = -0*s. Calculate the remainder when 58 is divided by s.
10
Let x = -107 - -52. Let y be (-10)/x + (-2)/11. Suppose -164 = -y*z - 4*z. Calculate the remainder when z is divided by 11.
8
Suppose 50 + 88 = 4*w + b, 5*b = 2*w - 80. Suppose 0*j - 5*j + w = 0. What is the remainder when (-1 + (-7)/3)*-6 is divided by j?
6
Let x = 6 + -4. Let r = x - -16. Calculate the remainder when r is divided by (5/(-15))/(2/(-30)).
3
Suppose -875 - 223 = -61*n. Suppose -101 = -4*g + 243. What is the remainder when g is divided by n?
14
Let j = 22 + -28. What is the remainder when 114/12*(-3)/(j/4) is divided by (-136)/(-14) - 2/(-7)?
9
Suppose 8*g = -179 - 421. Let d = -59 - g. Calculate the remainder when 28 is divided by d.
12
Suppose 2*k = -7*c + 4*c, 4*c = -k. Suppose -6*t + c*t + 114 = 0. Calculate the remainder when 48 is divided by t.
10
Suppose 11 = 3*z - 19. Let d = 33 - z. Suppose d = 2*t + 2*m + 1, -3*t - 5*m + 29 = 0. What is the remainder when t is divided by 7?
6
Let z be 0 + 5/((-15)/(-9)). Let p be 0/(2/(6/z)). Suppose p = -d + 8 + 2. What is the remainder when 38 is divided by d?
8
Let h(u) = 3*u**2 + 22*u + 19. What is the remainder when 12 is divided by h(-7)?
0
Let t(f) = f**2 - 17*f + 79. What is the remainder when 22 is divided by t(10)?
4
Let x be 7 - 0 - (-2 - -3). Suppose 0 = -2*t + x*t + 3*c + 6, 0 = 5*c - 10. Calculate the remainder when 29 is divided by t/2*48/(-9).
5
Let h = -16 - -28. Let p(m) = -2*m**3 - 11*m**2 - 14*m - 24. Calculate the remainder when p(-5) is divided by h.
9
Suppose 0 = -2*u + 4*m + 44, 2*u - m + 2*m - 59 = 0. Let b(z) = z**3 - 12*z**2 - 21*z + 11. Calculate the remainder when b(14) is divided by u.
25
Suppose -3*n = -4*n + 331. Suppose 3*l = 101 + n. What is the remainder when l is divided by 49?
46
Suppose -6*p - 32 = -7*p. Calculate the remainder when p is divided by (4/2 + -3)*-12.
8
Let b(n) = n + 38. What is the remainder when b(7) is divided by 2?
1
What is the remainder when (-15)/(420/(-136))*14 is divided by 26?
16
Let s = -50 + 25. Let q = -13 - s. What is the remainder when q is divided by 5?
2
Let a = 718 - 712. Calculate the remainder when 28 is divided by a.
4
Suppose 14*k - 25*k + 1540 = 0. Calculate the remainder when k is divided by 18.
14
Suppose -99 = -b - m, 4*b + m - 391 = 2*m. Let z(f) = f**2 + f + 11. Calculate the remainder when b is divided by z(0).
10
Suppose -51*a + 2015 = -42814. Calculate the remainder when a is divided by 20.
19
Let c(z) = -2*z**3 - 16*z**2 + 6*z - 1. What is the remainder when c(-9) is divided by 22?
19
Suppose q - 4 = -0*q. Suppose 3*i - 26 = -3*p + 4*p, 15 = 5*i + q*p. What is the remainder when 12 is divided by i?
5
Suppose 0 = -32*z + 1786 + 710. What is the remainder when z is divided by 35?
8
Let v(s) be the third derivative of -s**4/24 - 4*s**3/3 + 15*s**2. Calculate the remainder when -5*(-2)/((-4)/(-14)) is divided by v(-17).
8
Let h = 5 - -9. Let b = 398 - 372. What is the remainder when b is divided by h?
12
Suppose 200*p = 206*p - 168. What is the remainder when p is divided by 26?
2
Let o = 287 + -187. Let p = o + -94. Calculate the remainder when p is divided by 3.
0
Suppose u + 292 = 3*f, 3*u = -33*f + 29*f + 398. What is the remainder when 878 is divided by f?
94
Let b = 53 - 19. Let x(i) = i**2 + 84*i + 545. Calculate the remainder when b is divided by x(-77).
4
Let c(m) = m**2 - 5*m + 5. Let v be c(3). Let r(d) = -18*d - 1. Let f be r(v). Let u = -5 + f. Calculate the remainder when 22 is divided by u.
10
Suppose -3*a - k + 118 = 0, 2*k - 95 + 19 = -2*a. Let c = a + -34. Calculate the remainder when 21 is divided by c.
3
Let u = -991 + 1038. Calculate the remainder when 187 is divided by u.
46
Let b be ((261/6)/((-4)/(-8)))/(-1). Let t = b - -103. Calculate the remainder when 79 is divided by t.
15
Let o be ((-18)/15)/(12/(-990)). Suppose 0*c - 3*c - o = 0. Let f = c - -105. What is the remainder when f is divided by 37?
35
Suppose 98 = 3*s - s. Calculate the remainder when s is divided by 13.
10
Let r(q) = q**3 - 6*q**2 + 10*q + 6. Let j be r(3). Let l(p) = -p**2 + 8*p - 3. Let m be l(6). What is the remainder when 32 is divided by 2/j + 97/m?
10
Suppose h = -0*h + 53. Suppose 35 = 4*o - h. Suppose s - 47 = -m, -5*m - 25 = s - 88. What is the remainder when s is divided by o?
21
Let c(v) = -7*v - 57. Let q(r) = 20*r + 171. Let x(z) = 17*c(z) + 6*q(z). Calculate the remainder when x(-32) is divided by 4.
1
Let l = 7 + 15. Suppose 328 - 58 = 22*s + 23*s. What is the remainder when l is divided by s?
4
Suppose -23*j - 83 + 543 = 0. Suppose 3*d + 5*a = -2*d + 370, 4*d + a = 311. What is the remainder when d is divided by j?
19
Let j = 156 + -101. Let o = 35 - 29. Suppose -3*l - o = -90. Calculate the remainder when j is divided by l.
27
Let r(f) = -f**2 - 9*f + 8. Let a be (-3)/15 - (0 + 117/15). Calculate the remainder when 61 is divided by r(a).
13
Let b = 16 - -59. Suppose 3*o = -o + l + 99, -b = -3*o + l. Calculate the remainder when 71 is divided by o.
23
Suppose 5*m - o - 89 = 0, 2*m + 2*m - 5*o = 67. Calculate the remainder when 123 is divided by m.
15
Let f = 1895 - 1836. Calculate the remainder when 60 is divided by f.
1
Suppose 2*q - 10 + 0 = 0. Suppose 10*f - q*f = 80. Calculate the remainder when 2 + 1*26 - 36/(-12) is divided by f.
15
Let z(j) = -18*j + 98. Suppose -2*x + 20 = 10. Suppose 36 = -q + 2*q. What is the remainder when q is divided by z(x)?
4
Let q(x) = 22*x**2 - 3*x - 3. Let j be q(-1). Let w = j - 7. Suppose -k + 77 = -5*m, 0 = -5*k + 3*m - 0*m + 297. What is the remainder when k is divided by w?
12
Let r(n) = 4*n - 10. Let b(y) = -5 + y + 4*y - 3*y. Let g(f) = -5*b(f) + 2*r(f). Calculate the remainder when g(-6) is divided by 9.
8
Suppose i - 88 = -16. Let y(r) = 2*r**2 - 6*r + 5. Suppose -2*s + 15 = s. Calculate the remainder when i is divided by y(s).
22
Let w(k) = -7*k - 102. What is the remainder when w(-19) is divided by 15?
1
Let u be (22 + -17)/((-2)/76). Let n = u - -338. What is the remainder when n is divided by 50?
48
Let t(w) = -w**2 - 14*w + 7. Let a be 21/(-21)*(1 - -12). Let i(k) = -k**2 + 8*k + 8. What is the remainder when t(a) is divided by i(8)?
4
Suppose 0 = -34*h + 3579 + 1249. What is the remainder when h is divided by 30?
22
Calculate the remainder when (-57610)/(-490) - (-6)/14 is divided by 10.
8
Let n = 787 + -759. What is the remainder when n is divided by 4?
0
Suppose 3*h - 33 = -3. Suppose h*u - 130 = 5*u. What is the remainder when 100 is divided by u?
22
Let b be (25/20)/(1/12). Let a(z) = z**2 - 5*z - 2. Let l be a(9). Calculate the remainder when 14 is divided by l/10 + 9/b.
2
Calculate the remainder when 22 is divided by 4*2/32 - 129/(-12).
0
Let l(h) = -2*h**3 - 4*h**2 + 3*h - 4. Let m = 79 - 47. Let s = m + -15. What is the remainder when l(-4) is divided by s?
14
Suppose 0*c = -c + 73. Let s = 87 + 6. Let q = s + -56. What is the remainder when c is divided by q?
36
